= -2*m**3 - 81*m**2 + 207*m - 565. Calculate t(-43).
-221
Let a(p) = -3*p**2 + 63*p + 254. Determine a(22).
188
Let l(i) = 121*i**2 - 2416*i + 44. Calculate l(20).
124
Let f(p) = -46*p**2 - 211*p - 70. Determine f(-4).
38
Let n(s) = 4*s**3 + 11*s**2 + 107*s + 535. Determine n(-4).
27
Let d(a) = 3*a**3 + 135*a**2 + 255*a - 129. Determine d(-43).
0
Let k(r) = r**3 - 252*r**2 + 2891*r - 662559. Give k(251).
81
Let r(l) = -l**2 + 64*l - 724. Determine r(24).
236
Let g(i) = -i**3 - 21*i**2 + 1355*i + 28552. Give g(-21).
97
Let g(c) = 6197*c - 1338555. Calculate g(216).
-3
Let d(f) = 6302*f - 611281. Determine d(97).
13
Let l(p) = -190*p**2 - 9497*p + 145. What is l(-50)?
-5
Let j(h) = -465*h**2 - 12559*h - 45. Give j(-27).
63
Let x(i) = i**3 + 561*i**2 + 1125*i + 4030. What is x(-559)?
117
Let s(d) = -2*d**2 + 341*d - 499. Determine s(169).
8
Let p(u) = 101*u - 20699. Calculate p(205).
6
Let b(l) = -2*l**2 + 730*l - 65004. What is b(153)?
-132
Let u(b) = 444*b**2 + 2232*b - 25. What is u(-5)?
-85
Let a(l) = 1075*l + 22570. Determine a(-21).
-5
Let s(r) = 9371*r + 108798. Determine s(-12).
-3654
Let o(u) = u**3 + 1178*u**2 + 345242*u + 1254. Determine o(-630).
-6
Let m(x) = -8*x**3 - 2552*x**2 - 44*x - 14022. Give m(-319).
14
Let w(b) = -33394*b + 12355777. What is w(370)?
-3
Let z(s) = -s**2 + 526*s - 68916. Calculate z(284).
-188
Let u(y) = 2*y**2 - 390*y - 44710. Calculate u(-81).
2
Let t(j) = -2*j**3 + 15*j**2 + 155*j - 1181. What is t(9)?
-29
Let f(i) = 22676*i + 340051. What is f(-15)?
-89
Let f(a) = 17002*a + 6120719. Determine f(-360).
-1
Let x(m) = -9565*m + 57423. Calculate x(6).
33
Let h(c) = 7*c + 2046. Give h(-180).
786
Let y(a) = -a**3 - 20*a**2 + 347*a - 190. Determine y(14).
-1996
Let c(m) = -m**3 - 10*m**2 + 5108*m + 35916. What is c(-7)?
13
Let g(a) = 2*a**3 + 80*a**2 + 1138*a + 11776. Give g(-27).
4
Let a(u) = 2902*u - 156718. Give a(54).
-10
Let t(k) = k**3 - 2*k**2 - 1457*k - 5671. Determine t(-4).
61
Let a(v) = -7*v**2 - 1935*v - 3865. Give a(-2).
-23
Let n(i) = i**2 - 4485*i + 75943. What is n(17)?
-13
Let v(h) = 372*h**2 + 3151*h - 3160. Determine v(1).
363
Let k(u) = 34428*u + 5887197. What is k(-171)?
9
Let r(g) = -52*g**2 + 115*g - 208. Give r(3).
-331
Let k(c) = -1021*c + 180060. Determine k(177).
-657
Let k(r) = 48641*r + 14300457. Give k(-294).
3
Let v(g) = -13*g**2 - 219*g + 10622. Calculate v(-38).
172
Let o(s) = -484*s**2 - 6781*s + 24. Determine o(-14).
94
Let c(h) = -9*h**2 + 10162*h - 130584. Calculate c(13).
1
Let j(p) = -2*p**2 + 13880*p + 166850. Calculate j(-12).
2
Let q(p) = 2*p**2 + 46*p + 41. Give q(-29).
389
Let g(u) = -2*u**3 - 3*u**2 + 167*u - 1150. What is g(11)?
-2338
Let r(w) = 32121*w - 1959387. Calculate r(61).
-6
Let g(z) = -10*z**2 + 264*z + 74. What is g(26)?
178
Let x(f) = 3*f**2 + 189*f + 2627. Determine x(-13).
677
Let v(j) = 77*j**2 - 20*j - 63. Give v(-4).
1249
Let a(o) = o**3 + 8*o**2 - 40*o - 300. What is a(6)?
-36
Let i(r) = 85113*r + 510642. Calculate i(-6).
-36
Let v(b) = 62*b**2 - 32012*b + 74020. Calculate v(514).
4
Let h(y) = 2642*y + 203387. Calculate h(-77).
-47
Let z(d) = -5*d**2 - 84*d - 445. Calculate z(-7).
-102
Let l(c) = c**2 - 7481*c + 126882. What is l(17)?
-6
Let a(w) = -61*w - 2597. What is a(-42)?
-35
Let g(v) = v**3 - 473*v**2 - 7304*v - 7798. What is g(488)?
10
Let z(t) = -10*t**2 + 69*t + 863. Calculate z(-19).
-4058
Let q(x) = 7*x**3 - 890*x**2 - 7440*x + 2029. Calculate q(135).
4
Let k(x) = -2*x**3 + 39*x**2 - 321*x + 269. Calculate k(7).
-753
Let p(n) = n**3 + 226*n**2 + 211*n - 2528. Give p(-225).
622
Let k(b) = -44779*b - 358296. Give k(-8).
-64
Let i(f) = 3953*f - 359716. Give i(91).
7
Let x(f) = 182*f**2 + 75714*f + 533. Calculate x(-416).
-299
Let j(q) = -1062*q**2 - 17468*q - 7618. What is j(-16)?
-2
Let t(j) = 612*j - 18842. Give t(28).
-1706
Let d(b) = -980*b + 3955. What is d(4)?
35
Let z(i) = 13053*i - 14345242. Determine z(1099).
5
Let c(p) = -8745*p - 1058130. Determine c(-121).
15
Let l(c) = -3*c**3 - 1693*c**2 - 3953*c - 10685. What is l(-562)?
-7
Let a(z) = -z**3 - 63*z**2 + 6060*z - 3959. Determine a(52).
201
Let f(q) = 105*q**2 - 753*q + 19. Calculate f(10).
2989
Let r(k) = 53*k**2 - 5705*k + 9229. Determine r(106).
7
Let r(j) = -2711*j - 29264. Determine r(-11).
557
Let w(c) = -3*c**3 + 14*c**2 - 120*c - 1178. What is w(-9)?
3223
Let z(u) = 140*u**2 - 151596*u - 26005. Calculate z(1083).
-13
Let n(b) = b**2 + 40*b + 58. Calculate n(-40).
58
Let d(r) = 196872*r - 4528049. Give d(23).
7
Let v(u) = 6*u**2 - 14795*u + 452880. Determine v(31).
1
Let k(w) = -911*w**2 + 2769*w - 87. What is k(3)?
21
Let j(y) = y**3 - 13*y**2 + 209*y - 2057. Calculate j(11).
0
Let d(x) = 7*x**3 - 8*x**2 - 62*x - 226. Give d(-4).
-554
Let t(v) = 2488*v - 60780. Calculate t(24).
-1068
Let q(z) = 2283*z - 130106. What is q(57)?
25
Let g(o) = -o**2 + 1230*o + 44656. Determine g(-35).
381
Let w(u) = -4*u**3 + 1428*u**2 - 32*u + 11419. Give w(357).
-5
Let w(u) = 19*u**2 - 105*u - 709. Determine w(-7).
957
Let p(q) = -3*q**3 - 170*q**2 - 869*q - 41. What is p(-51)?
61
Let p(b) = -3*b**3 + 147*b**2 - 5309*b + 260151. Calculate p(49).
10
Let z(x) = -5*x**2 + 361*x + 70490. Calculate z(-88).
2
Let c(a) = -a**3 - 338*a**2 + 3268*a - 73753. What is c(-348)?
23
Let x(y) = y**2 + 130*y + 1898. Calculate x(-112).
-118
Let c(f) = -2*f**2 + 280*f - 5751. Calculate c(24).
-183
Let w(y) = -41*y**2 - 3451*y - 228. Give w(-84).
360
Let x(u) = u**3 + 16*u**2 - 782*u - 10821. Calculate x(-30).
39
Let a(w) = w**3 + 31*w**2 + 167*w + 5101. Calculate a(-31).
-76
Let m(y) = -776730*y + 1553460. What is m(2)?
0
Let m(v) = 439*v**3 + 683*v**2 - 688*v + 2. Determine m(1).
436
Let s(g) = -6*g**3 - 68*g**2 + 24*g - 424. What is s(-12)?
-136
Let p(a) = 35369*a - 459767. What is p(13)?
30
Let b(z) = -6*z**3 - 23*z**2 + 48*z + 3. Give b(3).
-222
Let l(w) = 2*w**3 + 28*w**2 + 605*w + 10711. Determine l(-16).
7
Let c(w) = -215*w**3 + 824*w**2 - 29*w - 10. What is c(4)?
-702
Let q(f) = -2*f**2 + 9070*f - 1145302. What is q(130)?
-2
Let h(x) = -3464*x**2 - 38107*x - 17. Determine h(-11).
16
Let p(r) = 4*r**2 + 194*r - 277. What is p(-45)?
-907
Let a(n) = -2527*n - 118474. Calculate a(-47).
295
Let o(x) = -1019*x**2 + 1133*x - 119. Determine o(1).
-5
Let v(g) = g**3 - 174*g**2 - 1477*g + 3816. What is v(182)?
-6
Let f(w) = -18*w**3 + 805*w**2 + 162*w + 2843. What is f(45)?
8
Let p(u) = -4352*u - 8965. Give p(-2).
-261
Let p(l) = -2011*l + 691793. Calculate p(344).
9
Let i(o) = 4987*o + 4328713. Calculate i(-868).
-3
Let u(s) = 1040*s**2 + 6210*s - 177. Calculate u(-6).
3
Let p(u) = 22749*u + 409460. Calculate p(-18).
-22
Let l(b) = -1023*b + 116536. Determine l(114).
-86
Let k(w) = 9*w**2 + 4203*w + 28979. Calculate k(-460).
-1
Let k(x) = -x**3 - 110*x**2 + 673*x - 2614. What is k(-116)?
54
Let a(p) = p**3 - 49*p**2 - 689*p + 428. Calculate a(60).
-1312
Let z(u) = -27*u**2 - 573*u - 2965. Give z(-9).
5
Let u(h) = -h**3 - 84*h**2 - 337*h + 4585. Calculate u(-79).
3
Let m(w) = 6*w**2 + 5513*w + 32858. What is m(-6)?
-4
Let a(t) = -114*t**3 - 8437*t**2 - 271*t - 14566. Calculate a(-74).
12
Let m(f) = 30*f**3 - 230*f**2 - 73*f - 130. Give m(8).
-74
Let f(q) = 1356*q + 92210. Give f(-68).
2
Let v(o) = 2*o**3 - 109*o**2 - 247*o + 16381. Calculate v(54).
127
Let a(f) = -27*f**2 + 7966*f - 55696. Calculate a(7).
-1257
Let z(c) = -c**2 + 3237*c + 124395. Calculate z(-38).
-55
Let j(w) = -1672*w**2 - 13375*w + 26. Give j(-8).
18
Let i(q) = -q**3 + 45*q**2 + 600*q - 27013. What is i(45)?
-13
Let b(h) = -25*h**2 - 249*h + 14. Give b(0).
14
Let d(c) = 7*c**2 + 3924*c + 29309. Determine d(-553).
0
Let m(b) = -5168*b - 1116229. Determine m(-216).
59
Let c(x) = -x**3 - 64*x**2 - 72*x + 3073. Calculate c(-62).
-151
Let o(y) = -33*y**2 - 114*y + 377. Calculate o(3).
-262
Let z(o) = -2*o**2 - 56*o + 140123. Give z(-279).
65
Let y(c) = c**2 - 138*c + 6232. Determine y(46).
2000
Let j(i) = -197856*i - 395677. Determine j(-2).
35
Let a(q) = -987481*q + 3949934. Give a(4).
10
Let b(r) = -r**3 + 348*r**2 + 550*r + 52509. Give b(350).
9
Let x(r) = 2*r**2 - 3354*r - 74768. Give x(-22).
-12
Let c(m) = -54004*m - 161993. Determine c(-3).
19
Let v(b) = 1253*b - 11719. Calculate v(9).
-442
Let w(l) = -7953*l + 111282. Determine w(14).
